 + 375 = 4*q, 15*c = 23*c + 40. Let i = 21 + -16. What is the greatest common divisor of i and q?
5
Suppose -124*p = -123*p + 25. Let g = -30 - 13. Let d = p - g. What is the highest common factor of d and 12?
6
Let w be -2 - (-1083 - -11) - (1 - -2). Calculate the greatest common factor of 679 and w.
97
Let n be (-6574)/1211*(-50)/4 + (-2)/(-14). Calculate the greatest common factor of n and 14.
2
Let w = -409 - -413. Suppose 4*h + 135 = 3*b, -w*b + 225 = b - 5*h. What is the highest common divisor of b and 207?
9
Suppose -5*w + 2*n + 7461 = 0, 5*w - n - 5194 = 2264. What is the greatest common divisor of w and 105?
21
Let u(i) = 7*i - 11. Let s be u(2). Suppose -3*g = s*o - o - 12, -32 = -3*o - g. Suppose 3*w - 3 = o. Calculate the greatest common divisor of w and 50.
5
Let y(h) = 57*h + 5412. Let b be y(-92). What is the highest common divisor of b and 1554?
42
Let x = 416783 + -416522. Suppose 8 - 124 = -2*z. What is the greatest common factor of z and x?
29
Let x = -15 - -18. Let t be (x - (1 + 3))*-18. Suppose -5*q = 5*f - 0*f - 120, -5*q - 96 = -3*f. Calculate the highest common factor of t and f.
9
Let j = -86 + 93. Suppose -4*f = -3*f + 4. Let s be (f + j)/(2*(-3)/(-4)). What is the greatest common divisor of s and 34?
2
Let f(b) = -b**3 + 7*b**2 - 11*b + 45. Let w(o) = -6*o**3 - 3*o**2 - 6*o - 4. Let a be w(-1). Let p be f(a). What is the greatest common factor of p and 10?
10
Let y be (-12 - -17)/((-96)/33 - -3). Calculate the greatest common factor of y and 1705.
55
Let s be (-106)/9 + 2 + (-28)/126. Let v(m) = -5*m - 34. Let i be v(s). Suppose -4*t = -3*t - i. Calculate the highest common divisor of t and 2.
2
Let j be 5 - 345/(-11 - -10). Calculate the greatest common divisor of j and 98.
14
Suppose -16*a = j - 591, 2*a = -62*j + 64*j + 42. Suppose -4 = l - 16. Calculate the highest common factor of a and l.
12
Let n(t) = 13*t - 9. Let u be n(8). Suppose 3*y - 12 = -6. Suppose 304 = y*w + 6*w. What is the greatest common divisor of w and u?
19
Let g = 34 - 60. Let j be -5*g*(-6)/(-4). Suppose 241*p - 18944 = -146. What is the highest common factor of j and p?
39
Let w be (-2)/10 + (-4 - (-62)/10). Suppose -5*x + 12 = w. Suppose -d + 5*o = o + x, 2*d = 4*o + 16. Calculate the greatest common factor of 198 and d.
18
Let m(c) = -6*c - 72. Let s be m(-17). Let q = -346 + 247. Let p = q - -369. Calculate the highest common factor of s and p.
30
Suppose 39*d + 4449 - 4644 = 0. Calculate the highest common divisor of 35 and d.
5
Let i be -2*(3 - 564/8). Suppose -3033*a = -3076*a + 215. What is the greatest common divisor of i and a?
5
Suppose -19*s = 3*s. Suppose 33*h - 34*h + 117 = s. Calculate the highest common divisor of 18 and h.
9
Let l(y) be the first derivative of 4*y**3/3 + y + 74. Let n be l(3). What is the greatest common factor of n and 74?
37
Let a be -8 - (111/(-15) + -3)/((-152)/(-380)). What is the highest common divisor of 25830 and a?
18
Suppose -20*w + 3*u = -15*w - 705, -423 = -3*w - 2*u. Suppose -25*j + 29*j - 5*h = 181, -4*j = 3*h - w. Calculate the highest common divisor of 39 and j.
39
Let q(j) = -j**2 + 7*j + 238. Let i be q(-12). Let s(w) = w**3 - w**2 + 6*w - 2. Let h be s(4). What is the highest common factor of h and i?
10
Suppose -7*v = -13*v - 18 + 78. What is the highest common factor of 70 and v?
10
Let d = -186 + 190. Let f be d/(20/(-15)) - -73. What is the highest common divisor of 10 and f?
10
Let o = 15 + -11. Suppose -4*k + 4*v = -4, -2 + 3 = 3*k - o*v. Suppose -n = -k*n + 10. Calculate the greatest common divisor of n and 25.
5
Suppose -d + q = -272, 3*d + 2*d + 5*q = 1410. Suppose 682 = 279*k - d*k. Calculate the greatest common factor of k and 62.
31
Let v = 28 - -8. Suppose v*p - 252 = 8*p. Let a(c) = c**3 - 6*c**2 + 8*c - 6. Let x be a(5). Calculate the greatest common factor of p and x.
9
Let x = -12778 - -13393. What is the greatest common factor of 8118 and x?
123
Let k be 4/8*-6 + 36. Let y(x) = 2*x**2 - 52*x + 539. Let d be y(22). Calculate the greatest common factor of d and k.
33
Let i(l) = l**2 - 2*l - 86. Let x be i(10). Let h(g) = 2*g + 84. Let q be h(x). What is the greatest common factor of q and 88?
8
Let l be 52/3 + (-3)/9. Let p be -3*10/(-6) - l/(-17). Calculate the highest common divisor of p and 26.
2
Let x(c) = -c**3 - c**2 - 4*c - 7. Let w be x(-3). Let j = w - 14. Suppose 6*m - j = 75. What is the greatest common factor of m and 126?
14
Let h = -1128 - -3445. Calculate the greatest common divisor of 7 and h.
7
Suppose 5*d = 3*z + 74, 14 = -3*d - 2*z + 47. Let b(o) = o**3 + 13*o**2 - 8*o - 13. Let w be b(-13). What is the highest common divisor of w and d?
13
Let w = -154 + 346. Calculate the greatest common divisor of 22 and w.
2
Let a = 78 - -160. Let z(g) = 9*g**2 + 149*g + 114. Let b be z(-16). What is the greatest common factor of b and a?
34
Suppose 0 = -5*z + 732 + 478. Suppose 13*m + 14 - 14 = 0. Suppose 9*n - 253 + 55 = m. What is the greatest common factor of n and z?
22
Let q = 13 - 10. Let c be 4/(-14) + (-3774)/(-518). What is the highest common divisor of q and c?
1
Let y be (-1)/1 - (-21)/7. Suppose 5*s = -3*n + 55, 7*s + 15 = 4*n + y*s. Let r be (n/6)/(17/255). What is the highest common divisor of r and 275?
25
Let z be 1321 - (26/(-6) + (-156)/234). Calculate the greatest common divisor of 2106 and z.
78
Let o(x) = -83*x + 7914. Let l be o(94). What is the greatest common divisor of 2448 and l?
16
Suppose 4*w = 4*m - 520, -5*m + 434 = -3*w - 220. What is the greatest common divisor of m and 1518?
66
Suppose 0 = -3*i, 0 = -17*w + 18*w + 3*i - 423 - 25. What is the highest common factor of 232 and w?
8
Let r be (-21)/6*(-108)/21. Let u(o) = 3*o + 12 + o**2 + 3*o - 34 + 13. Let z be u(3). Calculate the highest common divisor of z and r.
18
Let k = 2747 + -2724. What is the highest common divisor of 5405 and k?
23
Let k(y) = 25*y**2 - 133*y + 4. Let b be k(8). Calculate the greatest common divisor of b and 120.
60
Suppose -3*f + p - 53 + 1167 = 0, 5*f - 1868 = -4*p. Calculate the greatest common divisor of f and 217.
31
Let h(n) = 3*n**2 + 34*n + 30. Let y be h(-11). Let f(v) = 32*v + 23. Let l be f(7). What is the highest common divisor of y and l?
19
Let f(l) = -l**2 - 25*l + 46. Let j = -67 + 48. Let z be f(j). What is the highest common divisor of 20 and z?
20
Let a(t) = -5*t**2 - 53*t - 14. Let m be a(-10). Let c be 74/14 - (-4)/(-14). Let v be (-6)/(-5)*c/3. What is the greatest common divisor of v and m?
2
Let w(c) = -7*c**2 + 281*c - 20. Let i be w(40). Calculate the highest common divisor of 6900 and i.
20
Suppose -11*n + 1603 = -4601. What is the greatest common factor of n and 12?
12
Suppose -5*r + m = -80660, -3*r + 5*m + 45156 = -3240. Calculate the greatest common divisor of r and 148.
148
Let t(m) = -171*m - 6. Let b be t(-2). Let d = -324 + b. Suppose -3*c + 63 + 9 = 0. Calculate the greatest common divisor of c and d.
12
Let y(k) = 3*k**3 + 89*k**2 + 206*k - 80. Let x be y(-26). What is the highest common divisor of 720 and x?
80
Suppose 2*o + 5*z = 1507, z - 233 - 2008 = -3*o. Calculate the greatest common divisor of o and 2.
2
Let b(u) = -u**2 - 85*u - 918. Let r be b(-67). Calculate the highest common factor of r and 11040.
96
Let c = 23 + -13. Suppose -c*v + 18*v = 272. What is the greatest common divisor of 204 and v?
34
Let a be (1/(30/(-216)))/((-3)/660*8). Calculate the greatest common divisor of 3762 and a.
198
Let d = -27 + 27. Suppose 6*n - 3*n - 30 = d. Suppose -30*z + 25*z + 10 = 0. What is the highest common divisor of z and n?
2
Let a = 27882 + -27838. Let i be (3/(-6))/(2/(-16)). What is the greatest common divisor of a and i?
4
Suppose -5*h - 2*p - p = -16, 0 = -5*h + 3*p + 34. Let j be (-4)/6*24/(-4). Suppose -h*d = j*d - 495. Calculate the highest common factor of 22 and d.
11
Let u be (-1 + (1 - -18))*18216/368. Calculate the highest common divisor of 198 and u.
99
Let i = 128 - 104. Let y be 29/(-58)*(0 - 12). What is the highest common factor of y and i?
6
Let k(u) = 631*u**2 + 72*u + 81. Let w be k(-5). What is the highest common factor of 52 and w?
52
Let a(b) = -12*b**2 + 112*b + 4. Let w(c) = -4*c. Let v(z) = -3*a(z) - 84*w(z). Let o be v(-3). Calculate the highest common factor of 72 and o.
24
Let h(f) = f**3 + 